d, d + 41 = s. List the prime factors of s.
2, 23
Let j = -6 + 6. Let y = 2 - j. Suppose -5*c - y*t + 38 = -10, 3*t = -2*c + 17. What are the prime factors of c?
2, 5
Suppose c + 2*g = -g - 23, 5*c = 2*g - 149. Let s = c + 60. What are the prime factors of s?
31
Let p(q) = -q**2 + 12*q + 7. Let f be p(11). Let b = -10 + f. What are the prime factors of b?
2
Let m be (-6)/(-10) - (-83)/(-5). Let u = -11 - m. What are the prime factors of u?
5
List the prime factors of 4/14 + 300/28 - 0.
11
Let g(c) = -11 + 3*c - c**2 + 9*c - 2*c. Let v be g(8). Suppose -10 = -5*o - 2*b, -10 + 1 = 4*o + v*b. List the prime factors of o.
2
Suppose -11*w + 20 = -10*w. What are the prime factors of w?
2, 5
Let p(d) = -2*d**2 - 8*d - 6. Let b be p(-6). Let j = -15 - b. List the prime factors of j.
3, 5
Let p be -1*(-3)/(3/(-2)). Let v = p - -4. Suppose 3*g = -v*g + 55. What are the prime factors of g?
11
Let d(v) = -19*v - 8. List the prime factors of d(-5).
3, 29
Suppose 2*c = -5*s + 402, -3*c - 17 - 60 = -s. What are the prime factors of s?
2, 5
Let x = -309 - -622. List the prime factors of x.
313
Let z be 25/15 + (-4)/6. Let x = 2 - z. Suppose -o = -3*q + x - 2, 5*o = 4*q + 38. What are the prime factors of o?
2, 5
Suppose -6*u = 644 - 2090. List the prime factors of u.
241
Let s = 3 - 3. Let x = s + -1. What are the prime factors of (1 + 5)/(1 - x)?
3
Let b = -27 - -60. Suppose 4*w = 5*v - 93, w + 3*w = -v + b. What are the prime factors of v?
3, 7
Let t(a) = 9*a + 2*a + a - 6*a - 2. Let q = 7 + -4. What are the prime factors of t(q)?
2
Let w(x) = -110*x + 16. What are the prime factors of w(-2)?
2, 59
Suppose 0 = -4*u + q - 361 + 105, -4*u + 2*q - 252 = 0. Let y = u - -113. List the prime factors of y.
2, 3
Let b = -9 + 11. Suppose -4*q + y + 70 = -2*y, b*y = -3*q + 61. List the prime factors of q.
19
Let k(o) = 2*o - 15. Suppose 6 = 5*y - 44. Let w be k(y). Suppose -5*r + 48 = -2*j, -w*r + 2*j = -3*j - 45. List the prime factors of r.
2, 5
Let t = 18 + 8. List the prime factors of t.
2, 13
Let u(m) be the second derivative of -5*m**4/6 - m**3/6 + m. Let f be u(-1). Let s = f - -16. What are the prime factors of s?
7
Let x = -25 - -11. Suppose 0 = -4*b - 42 + 142. Let t = b + x. What are the prime factors of t?
11
Let a = -2 - 3. Let r = a - -7. What are the prime factors of r?
2
Suppose 8*w - 3*w = m + 10, 3*w - m - 8 = 0. List the prime factors of (64/24)/(w/6).
2
Suppose -3*m + 25 = 2*m. What are the prime factors of m?
5
Let x = 81 + -16. Suppose 5*d - x = -0*d. List the prime factors of d.
13
Let t(l) = -l**3 - 1. Let o(p) = -15*p**3 + p**2 + p + 6. Let g(y) = o(y) + 6*t(y). Let c be g(-1). Suppose 4*m = 27 + c. What are the prime factors of m?
2, 3
Let g be (2/(-3))/(2/144). Let w = g + 82. List the prime factors of w.
2, 17
Let g(n) = 5*n**2 - n. What are the prime factors of g(2)?
2, 3
Let y be (-6)/10 + (-954)/(-15). Suppose 4*m - y = 21. List the prime factors of m.
3, 7
Let k be (2/4)/((-4)/(-16)). Let p be (2 - 3)/(2/k). List the prime factors of (-8)/(-3) - p/3.
3
Let t(y) = 3*y**2 - 3 - 3*y + 3*y**3 + 3. List the prime factors of t(2).
2, 3, 5
Let y(g) = -g**2 - 4*g + 8. Let w be y(-6). Let u(p) = p**2 - p + 5. List the prime factors of u(w).
5
Let j = 1 - -1. Suppose d = -d + 4*i + 4, -4 = j*i. What are the prime factors of (2/(-3))/(d/6)?
2
Let f(l) be the second derivative of 0 + l**2 + 0*l**3 - 1/12*l**4 - 2*l. List the prime factors of f(0).
2
Let q be ((-5)/4)/((-2)/8). Let d = -1 + q. What are the prime factors of 3/2*d/2?
3
Let n(v) = -v + 28. What are the prime factors of n(-6)?
2, 17
Suppose 0 = v + 3*i + 20, 2*v + 32 = 3*i - 5*i. Let c = 12 - v. List the prime factors of c.
2, 13
Suppose -5*w + 2*s + 371 = 0, -81 = -w + s - 5. List the prime factors of w.
73
Let g = 13 - 8. Suppose g*p - 23 = 157. Suppose 2*s = -u + 23, 4*s = -u + p - 9. List the prime factors of u.
19
Suppose -4*d - 4*f + 40 = 0, -3*d + 5*f = 7*f - 25. Suppose d*u - a + 0*a = 53, -3*u + 3*a + 27 = 0. List the prime factors of u.
11
Let w = 0 - 2. List the prime factors of w/(-3) + (-44)/(-6).
2
Let u = 3 + -1. Let g be u/(-6) + 48/9. Let s(q) = 3*q - 6. What are the prime factors of s(g)?
3
Let s = 20 - -37. Let u = -39 + s. Suppose -7*i - u = -8*i. List the prime factors of i.
2, 3
Let m be (-5)/20 - (-149)/4. Suppose m = 5*l - 8. What are the prime factors of l?
3
Suppose 0 = -3*u - 0*u - 3*s + 45, 2*u + 5*s - 27 = 0. What are the prime factors of u?
2
Let a(b) = b**3 + 6*b**2 + b + 20. What are the prime factors of a(-6)?
2, 7
Let h = 170 + -105. List the prime factors of h.
5, 13
Suppose -3*p = -8*p + 1620. What are the prime factors of p?
2, 3
Let b(f) = 5*f**2 - 6*f + 12. Let j(o) = 14*o**2 - 18*o + 36. Let t(w) = 17*b(w) - 6*j(w). What are the prime factors of t(-9)?
3, 5
Let s = 5 - 8. Let j be (-2)/(-6) + (-2)/s. What are the prime factors of 28/8 + j/(-2)?
3
Let d(c) = -c**3 + 9*c**2 - 5*c - 8. What are the prime factors of d(7)?
5, 11
List the prime factors of (-2 + -2)/(6 - 7).
2
Let b(k) = -k + 1. Let j be b(-3). Suppose 116 + 32 = j*h. List the prime factors of h.
37
Let v = 83 - 50. Let b be (2 - v/12)*4. What are the prime factors of (-36)/b + (1 - 2)?
11
Suppose -5*n + 8*n = 201. List the prime factors of n.
67
Suppose 0 = -3*h + 4*h - 4. Let m be ((-74)/(-5))/(h/(-20)). What are the prime factors of 4/(-14) - m/14?
5
Let f be (-5)/(-3) - (-2)/(-3). Let w be (f - 1 - 1) + 12. Let s = -4 + w. What are the prime factors of s?
7
Let g(q) = 7*q**2 + 4*q - 3. What are the prime factors of g(4)?
5
Suppose 4*b - 2 = -10. Let f(h) = -6*h**2 + h - 2. Let r be f(b). Let i = r + 43. List the prime factors of i.
3, 5
Let h(p) = 7*p - 5*p**2 + 10*p - 4 - 9*p**3 - 7. Let j(n) = -4*n**3 - 2*n**2 + 8*n - 5. Let g(x) = 3*h(x) - 7*j(x). What are the prime factors of g(3)?
5
What are the prime factors of (-272)/(-40) + 1/5 - -2?
3
Suppose 0 = -4*a + x + 24, 0 = -2*a + 7*a + 3*x - 13. Suppose f = 1, a*o = 4*f - f - 78. What are the prime factors of (24/(-10))/(6/o)?
2, 3
Let w(a) = -a**2 - 7*a - 6. Let z be w(-4). Suppose 18 - z = 4*o. What are the prime factors of o?
3
Let p = -7 + 10. Suppose 3*u - 2*d - 17 = -d, -u = -2*d - 14. Let g = p + u. List the prime factors of g.
7
Let r = 106 + -33. What are the prime factors of r?
73
Suppose 2*x + 8 = 0, 3*x + 3 = -4*b - 1. Suppose 0 = -b*g - 2*g. Suppose g*v = 3*v - 15. What are the prime factors of v?
5
Suppose -6*y + 129 = -3*y. List the prime factors of y.
43
Let w be (-10)/(-65) - (-457)/(-13). What are the prime factors of 12/10*w/(-2)?
3, 7
List the prime factors of 32/(-80) - (-47)/5.
3
Let b = 8 - 1. Let r(c) = c**2 - 5*c + 1. What are the prime factors of r(b)?
3, 5
Suppose f + 3*w - 9 = 0, 3*f + f = 5*w + 2. Let l = -13 - -25. Suppose -l = -3*a + f. List the prime factors of a.
5
Suppose -3*m + m + 12 = 0. What are the prime factors of 6/9 - (-56)/m?
2, 5
Suppose 5*h - 150 = 5*g, 0 = -2*h - 0*h - 2*g + 56. List the prime factors of h.
29
Suppose -3*y + 270 + 222 = 0. What are the prime factors of y?
2, 41
Suppose 4*n - 22 + 6 = 0. Suppose 2*o = -8*r + 5*r + 43, -n*r + 29 = o. What are the prime factors of o?
17
Let i = -39 + 108. Suppose 7*v - 4*v = i. What are the prime factors of v?
23
Suppose -3*z - 3 = 3. Let b be (z/(-6))/(3/9). Let l(p) = 11*p**2. List the prime factors of l(b).
11
Suppose 0 = t + 2*t - 9. What are the prime factors of 13 - (t + 0/(-2))?
2, 5
Suppose -5*a + 105 = 5*g, 3*g - 4*a = -a + 75. What are the prime factors of g?
23
Suppose 5*t + f + 2*f = 209, -t + 43 = f. Suppose -4*a + 7 = -13. Suppose -a*d = -t - 15. What are the prime factors of d?
11
Let n(v) = v**2 + v + 8 - 4 + 5*v. Let o be n(-6). Suppose -o*w = w - 60. What are the prime factors of w?
2, 3
Suppose -3*x + 15 = t - 14, 0 = -3*x - 5*t + 13. What are the prime factors of x?
11
Suppose -6*k = -2*k, 5*j = -2*k. List the prime factors of (j - 3)*(-6)/2.
3
Let l(w) = w**2 - 2*w - 7. Let t be (-5)/5*(-3 + -2). What are the prime factors of l(t)?
2
Let m be (-2)/((-2)/9)*1. Suppose 1 = -4*r + m. What are the prime factors of r?
2
Suppose 4*m = -19 + 87. Let q = m + -6. List the prime factors of q.
11
Let z = 3 + 1. Suppose -6*o = -z*o - 10. Suppose -o*j = -10*n + 5*n + 40, -5*n + 3*j = -30. List the prime factors of n.
3
Let q b